998 is divided by 28.
26
What is the remainder when 6780 is divided by 190?
130
Calculate the remainder when 71384 is divided by 59.
53
Calculate the remainder when 61039 is divided by 2657.
2585
Calculate the remainder when 24459 is divided by 12201.
57
What is the remainder when 60490 is divided by 55?
45
What is the remainder when 204481 is divided by 254?
11
Calculate the remainder when 742356 is divided by 902.
10
What is the remainder when 65841 is divided by 37?
18
Calculate the remainder when 163 is divided by 163.
0
Calculate the remainder when 3626 is divided by 83.
57
Calculate the remainder when 53458 is divided by 7.
6
Calculate the remainder when 303256 is divided by 13.
5
What is the remainder when 59348 is divided by 204?
188
Calculate the remainder when 18660 is divided by 18622.
38
Calculate the remainder when 35728 is divided by 11893.
49
Calculate the remainder when 53293 is divided by 165.
163
Calculate the remainder when 1045 is divided by 532.
513
What is the remainder when 13915 is divided by 117?
109
Calculate the remainder when 35599 is divided by 5.
4
Calculate the remainder when 541283 is divided by 59.
17
What is the remainder when 32753 is divided by 38?
35
Calculate the remainder when 18574 is divided by 54.
52
Calculate the remainder when 7131 is divided by 99.
3
What is the remainder when 42348 is divided by 35?
33
Calculate the remainder when 106428 is divided by 16.
12
Calculate the remainder when 913 is divided by 454.
5
Calculate the remainder when 89848 is divided by 150.
148
What is the remainder when 13520 is divided by 92?
88
What is the remainder when 318908 is divided by 264?
260
Calculate the remainder when 4088 is divided by 816.
8
Calculate the remainder when 6267 is divided by 626.
7
What is the remainder when 2190 is divided by 946?
298
What is the remainder when 3170 is divided by 11?
2
What is the remainder when 21267 is divided by 5307?
39
Calculate the remainder when 3723 is divided by 1387.
949
What is the remainder when 4650 is divided by 1014?
594
What is the remainder when 20887 is divided by 910?
867
What is the remainder when 1007899 is divided by 477?
475
What is the remainder when 190759 is divided by 319?
316
What is the remainder when 98552 is divided by 8212?
8
What is the remainder when 45505 is divided by 17?
13
What is the remainder when 722 is divided by 505?
217
Calculate the remainder when 2452 is divided by 351.
346
Calculate the remainder when 542475 is divided by 832.
11
Calculate the remainder when 766 is divided by 11.
7
Calculate the remainder when 6058 is divided by 65.
13
Calculate the remainder when 7616 is divided by 585.
11
Calculate the remainder when 6909628 is divided by 105.
103
Calculate the remainder when 2713 is divided by 151.
146
Calculate the remainder when 2255 is divided by 1121.
13
What is the remainder when 20298 is divided by 11?
3
What is the remainder when 444 is divided by 39?
15
Calculate the remainder when 2289 is divided by 266.
161
Calculate the remainder when 350783 is divided by 116.
115
What is the remainder when 513098 is divided by 1185?
1178
What is the remainder when 3415 is divided by 30?
25
What is the remainder when 338502 is divided by 14?
10
What is the remainder when 1603 is divided by 71?
41
Calculate the remainder when 137283 is divided by 2021.
1876
What is the remainder when 31769 is divided by 209?
1
Calculate the remainder when 7931 is divided by 2.
1
What is the remainder when 6214 is divided by 503?
178
Calculate the remainder when 84898 is divided by 60.
58
What is the remainder when 33182 is divided by 16590?
2
Calculate the remainder when 11846 is divided by 474.
470
Calculate the remainder when 15482 is divided by 7689.
104
Calculate the remainder when 89317 is divided by 14.
11
What is the remainder when 978 is divided by 32?
18
What is the remainder when 26963 is divided by 343?
209
Calculate the remainder when 67908 is divided by 66.
60
What is the remainder when 40768 is divided by 3389?
100
What is the remainder when 276004 is divided by 373?
357
Calculate the remainder when 21527 is divided by 501.
485
Calculate the remainder when 134346 is divided by 67156.
34
What is the remainder when 185399 is divided by 323?
320
What is the remainder when 1995 is divided by 54?
51
Calculate the remainder when 48221 is divided by 910.
901
What is the remainder when 13774 is divided by 3442?
6
What is the remainder when 9003989 is divided by 59?
58
Calculate the remainder when 12520 is divided by 113.
90
What is the remainder when 127269 is divided by 19?
7
What is the remainder when 391290 is divided by 1559?
1540
Calculate the remainder when 17625 is divided by 5874.
3
What is the remainder when 117810 is divided by 39247?
69
What is the remainder when 69378 is divided by 80?
18
What is the remainder when 19787 is divided by 124?
71
What is the remainder when 788 is divided by 63?
32
Calculate the remainder when 211694 is divided by 524.
522
Calculate the remainder when 619 is divided by 12.
7
What is the remainder when 149849 is divided by 54?
53
What is the remainder when 2901 is divided by 32?
21
Calculate the remainder when 17449 is divided by 5742.
223
Calculate the remainder when 55234 is divided by 507.
478
Calculate the remainder when 5648 is divided by 106.
30
What is the remainder when 4312 is divided by 350?
112
Calculate the remainder when 6822437 is divided by 632.
629
What is the remainder when 1211 is divided by 595?
21
What is the remainder when 20999 is divided by 350?
349
Calculate the remainder when 8626 is divided by 4293.
40
What is the remainder when 21431 is divided by 7134?
29
What is the remainder when 14726 is divided by 1148?
950
What is the remainder when 167810 is divided by 169?
162
Calculate the remainder when 4878 is divided by 1624.
6
Calculate the remainder when 820449 is divided by 1274.
1267
What is the remainder when 747942 is divided by 218?
202
Calculate the remainder when 221762 is divided by 15840.
2
Calculate the remainder when 837891 is divided by 34912.
3
What is the remainder when 3049 is divided by 175?
74
Calculate the remainder when 83977 is divided by 8396.
17
What is the remainder when 64204 is divided by 462?
448
What is the remainder when 601687 is divided by 1635?
7
Calculate the remainder when 3621 is divided by 240.
21
Calculate the remainder when 82410 is divided by 809.
701
What is the remainder when 5195555 is divided by 73?
72
Calculate the remainder when 349071 is divided by 387.
384
Calculate the remainder when 977447 is divided by 278.
277
What is the remainder when 9574 is divided by 827?
477
Calculate the remainder when 141373 is divided by 275.
23
Calculate the remainder when 2566941 is divided by 432.
429
Calculate the remainder when 124119 is divided by 10341.
27
Calculate the remainder when 705 is divided by 672.
33
What is the remainder when 43061 is divided by 861?
11
Calculate the remainder when 2231 is divided by 141.
116
What is the remainder when 34343 is divided by 159?
158
What is the remainder when 12216 is divided by 5?
1
What is the remainder when 160047 is divided by 247?
238
Calculate the remainder when 3377 is divided by 3356.
21
What is the remainder when 39338 is divided by 3276?
26
What is the remainder when 42537 is divided by 42506?
31
What is the remainder when 2767 is divided by 77?
72
What is the remainder when 143734 is divided by 184?
30
What is the remainder when 4115 is divided by 142?
139
What is the remainder when 607098 is divided by 6?
0
What is the remainder when 35301 is divided by 543?
6
What is the remainder when 1639612 is divided by 546534?
10
Calculate the remainder when 4893 is divided by 1601.
90
Calculate the remainder when 1505 is divided by 683.
139
Calculate the remainder when 32857 is divided by 8211.
13
What is the remainder when 15968 is divided by 3900?
368
Calculate the remainder when 484762 is divided by 39.
31
Calculate the remainder when 7514 is divided by 1071.
17
Calculate the remainder when 888 is divided by 183.
156
Calculate the remainder when 2399 is divided by 8.
7
What is the remainder when 4676 is divided by 270?
86
Calculate the remainder when 23636 is divided by 23628.
8
Calculate the remaind